 = z*w - 0*w. Is w a composite number?
True
Let v = 5856 + -3325. Is v a prime number?
True
Let m = 23833 - 12192. Is m prime?
False
Suppose -6*z = -3 + 9. Let g be (-105)/(-5)*z/(-3). Suppose -h - 4422 = -g*h. Is h a prime number?
False
Let q(i) = 6*i - 6. Let v be q(2). Is ((-388)/v)/(26/(-39)) prime?
True
Let d = -8482 + 22005. Is d composite?
False
Let p(m) = -4*m**3 - 8*m**2 - 12*m - 6. Let d(o) = 11*o**3 + 24*o**2 + 35*o + 19. Let i(n) = -3*d(n) - 8*p(n). Let r be i(-6). Let b = 48 + r. Is b prime?
False
Suppose -3*c = -7*c - 8300. Let l = -1168 - c. Is l composite?
False
Suppose -4*h + 20 = 0, 8*j - 5*h = 4*j + 219. Let s(d) = -2*d**3 - 10*d**2 - 6*d - 14. Let z be s(-7). Let r = z - j. Is r prime?
True
Suppose -2*p + 35 = 3*j - p, -3*j + 3*p = -39. Is -1082*(-6)/j*(0 - -1) composite?
False
Suppose 8*l - 7*l - 9647 = 0. Is l a prime number?
False
Let d(t) = 2*t - 4. Let z be d(17). Suppose 0 = -6*f + f - z. Is 114/(-9)*9/f prime?
True
Let x(m) = 5*m + 7. Suppose -3*z = -5*i - 59, -3*i + 8*i + 61 = 2*z. Let a be x(i). Let b = -32 - a. Is b prime?
False
Let r = -70 + 158. Suppose 0 = -0*t + t - r. Let d = t + -45. Is d composite?
False
Let l be (12/(-9))/(5/(-15)). Suppose 525 = 6*x - x + l*k, 5*k = 0. Suppose -9*o + 4*o = -x. Is o a composite number?
True
Let q = 87 + -62. Suppose 0*z - q = -z. Is 794/10 + (-10)/z composite?
False
Suppose 22*r - 7*r = 60465. Is r prime?
False
Is 2 - 3 - (-65702)/19 prime?
True
Suppose -13*b + 24*b - 74459 = 0. Is b composite?
True
Suppose -x = -t - 44298, -3*x - 2*t - 44299 = -4*x. Is x composite?
True
Let j = -370 + 130. Let u = j - -443. Is u prime?
False
Let h be (-11 + 5)*(-22)/6. Suppose -193 = -3*t - h. Is t prime?
False
Let f be 1343/68*(13 + -1). Let j = f - 152. Is j a prime number?
False
Let r = 10 - 16. Let i be ((-4)/r)/((-2)/(-39)). Suppose i*f - 1869 = 10*f. Is f a prime number?
False
Suppose -8*b + 3843 = -2861. Is b a composite number?
True
Suppose 4*v - 5*b - 100 = 0, -v - b = 4*v - 125. Suppose -4*j - 5*r = -j - 50, -5*r + v = 2*j. Is j a prime number?
False
Let g = -936 + 1633. Is g a prime number?
False
Is 105804/21 - -1 - (-44)/(-154) a composite number?
False
Let f = -5596 + 8435. Suppose -f = -4*g - 675. Is g prime?
True
Let l = -932 + 300. Let o = l + 1173. Is o a prime number?
True
Suppose -13*o = -12*o - 1441. Is o composite?
True
Let n be ((-5)/(-4))/(1/12). Suppose 0 = -2*v + 7*v - n. Suppose 673 - 100 = v*a. Is a composite?
False
Let p(a) be the first derivative of -a**3/3 + a**2/2 - 9*a - 1. Let b be p(8). Is ((-10322)/b)/((-2)/(-5)) a prime number?
True
Let g = 27853 - 15174. Is g prime?
False
Let f be 9617/7 - 1/(-7). Suppose -f - 6212 = -2*s. Is s prime?
True
Let w(o) = 1261*o + 303. Is w(14) a prime number?
True
Let h = 64 - 80. Is (-43510)/h - 66/176 prime?
True
Suppose 5*i - 3*i - 4 = 0. Suppose -s = -i*j + 285, -j = -s + 31 - 171. Is j a prime number?
False
Suppose 2*j + 2935 = o, 14*o - 11*o = 2*j + 8813. Is o a prime number?
True
Let o(v) = v**2 + 2*v + 4. Let h be o(0). Suppose -143 = -5*p - 3*a, 5*p = 2*p + h*a + 109. Is p composite?
False
Let i be 104/24 + 1/(-3). Let n be 1*(i/4)/(-1). Is ((-614)/(-8))/(n/(-4)) a prime number?
True
Suppose 3*q - 37413 - 104988 = 0. Is q a composite number?
True
Let h(u) = 6*u**2 + 20*u + 1. Suppose 2*t = -11 - 7. Is h(t) composite?
False
Let a = -1644 - -18935. Is a a prime number?
True
Suppose -1257 = -3*j + 3*d, 5*j - 988 = -5*d + 1077. Let g = j - 127. Is g prime?
False
Let l(q) = -q**2 - 5*q + 13. Let k be l(-7). Is k/((-2)/(-4652)*-2) prime?
True
Is 154384/4 + (-4 - -1) a prime number?
True
Let s(p) = -99*p - 3. Suppose 0 = 10*l + 24 + 16. Is s(l) a prime number?
False
Suppose -6 - 9 = -3*t. Suppose 0 = -t*c + 3*z + 60, -4*c - 3*z + 6 = -15. Suppose -142 = -g - c. Is g composite?
True
Let n = -2973 - -7786. Is n a composite number?
False
Let w(v) = 3*v**3 - 24*v**2 + 14*v + 23. Is w(10) composite?
True
Suppose -7*k - 51575 = -11*k - 5*c, -3*c = -3*k + 38688. Is k composite?
True
Let b be (-430)/55 - 6/33. Let l(s) = -s**3 - 9*s**2 + 10*s - 5. Let f be l(b). Let p = -40 - f. Is p composite?
False
Let r(y) = 19*y**3 + 8*y**2 - 33*y - 1. Is r(3) a composite number?
True
Suppose 2*q = 4*q - 6, -4*q = -3*v + 264. Let n(c) = -31*c + 7 - v*c - 2. Is n(-2) composite?
False
Let v = 19 - 21. Is 3276/(-24)*v/3 composite?
True
Let d(x) = -13*x**2 + 7*x - 773. Let p(f) = 11*f**2 - 6*f + 774. Let r(b) = 5*d(b) + 6*p(b). Suppose -3*i + 4*u + 8 = 0, 0 = 3*i + 2*u + 5 - 1. Is r(i) prime?
False
Let q(z) = 967*z**2 + 30*z + 43. Is q(8) prime?
True
Let o(s) = 33*s - 1 + 5*s + 2. Suppose 2*k - 21 = -k. Is o(k) prime?
False
Let i(b) = b**2 + 2*b - 22. Is i(29) prime?
True
Let m = 57 - 2140. Let l = m - -3614. Is l a prime number?
True
Is 9/15 + 3 + 389096/40 a composite number?
True
Let s(g) = g**2 - 3*g - 11. Let x be s(9). Suppose 3 = -3*l + f, -4*l - 2*f = -9*l - 6. Let a = x + l. Is a prime?
True
Suppose -7 = -3*h - 5*p, -3*p = h + p. Suppose 1003 = h*i - 793. Is i a prime number?
True
Suppose 6*g - 9*g = -9327. Is g composite?
False
Suppose -943 = -4*y - 5*g, 14 + 11 = -5*g. Let j = -79 + y. Is 2 + 4/(-2) + j composite?
False
Suppose 0 = -19*j + 24*j - 7655. Is j composite?
False
Let p(i) = i - 4*i + 56*i**3 + 3 - 3*i**2 - 3*i + 2. Let h be p(3). Suppose 0 = -4*d - 3*w - 2*w + h, -5*d - w = -1861. Is d a prime number?
True
Let a be ((-8)/(-4))/(2/(-5)). Let s(b) = 14*b**2 + 4*b + 1. Is s(a) composite?
False
Suppose 5*w - 2*w = -k + 12, -4*k + 15 = w. Let p(x) = 1 + 0*x**3 - 5*x**3 + 3*x - 4*x + 13*x**3 + x**2. Is p(w) a composite number?
False
Is 2/3*6/(-24)*-1689726 a prime number?
True
Suppose b - 2 = -3. Let p = 43 - 53. Let z = b - p. Is z composite?
True
Let y = 5 - -7. Suppose -y = 9*m - 12*m. Is 892 + 9*m/12 composite?
True
Let r(v) = -27*v**3 - 7*v**2 - 9*v - 3. Is r(-4) composite?
True
Suppose -2224 + 829 = -5*l. Let o = l + -68. Is o composite?
False
Let q(s) = -6*s**2 - 11*s - 4. Suppose 4*x - 8 = 3*x. Let w be q(x). Is (-2 + -1)*w/12 prime?
False
Suppose -2*z - 2*k + 10624 = 0, 3*z + 2*z - k = 26542. Is z composite?
False
Let z(r) = -34*r - 26 + 11*r + 21*r**2 - 23*r**2. Let w(b) = -b**2 - 12*b - 13. Let k(d) = 5*w(d) - 2*z(d). Is k(-12) a composite number?
False
Let q = 6582 - 3763. Is q prime?
True
Is 597/(-2)*(-2 - (-8 - -8)) composite?
True
Let y(x) = 14*x**2 + x - 97. Is y(-30) prime?
True
Let n = 2657 - -174. Is n composite?
True
Let t(a) = -4112*a + 222. Is t(-5) prime?
False
Let t be (-12 - 25) + -3 + -1. Let z = 74 + t. Suppose -4*a - z = -457. Is a a composite number?
True
Let i(j) be the third derivative of j**4/24 + j**3 + 2*j**2. Let f be i(-6). Suppose f = -q + 5*q - 652. Is q a prime number?
True
Suppose -13*p = 13300 - 60711. Is p composite?
True
Is 297978/9 - 35/21 a composite number?
False
Let l be (-694)/6*(-18)/6. Let u = -343 - -181. Let t = l + u. Is t composite?
True
Let z = -90 + 132. Let o be 108/z - (-3)/7. Suppose 0 = -5*n - 2*c + 2607, -o*n + 2*n + 526 = 5*c. Is n a composite number?
False
Suppose 0 = o - 6 + 3. Suppose 1 = k, -k = o*t - 697 - 81. Is t a composite number?
True
Let n be 3 + 1 - 1 - 3. Suppose -v - h + 126 = 0, -4*h = -2*v - n*h + 270. Is v a prime number?
False
Let r(z) = 61*z + 4. Let a be (-36)/84 - (-24)/7. Is r(a) composite?
True
Let a be (26410/6 - (-6)/(-9)) + 1. Suppose -13*s = -11*s - a. Is s composite?
True
Suppose -y = 686 - 108. Let o = y + 1251. Is o composite?
False
Suppose -2*o + 0 = 8. Is (-2019)/(-5)*(9 + o)*1 composite?
True
Let v(f) = -f**3 + 17*f**2 + 22*f + 17. Let a be -11 + (-3 - (0 - 0)). Let u = 4 - a. Is v(u) prime?
True
Is 4/2 + (-6282)/(-6) a composite number?
False
Is (-9)/180*5*(-11827 + -1) prime?
True
Let z = -115 - -118. Suppose z*n - 22 = -5*f + 1759, -2943 = -5*n - 2*f. Is n a prime number?
True
Suppose -35623 = -5*o - 2*o. Suppose 0 = 21*f - 2828 - o. Is f prime?
False
Suppose 45*q - 40*q = 40735. Is q composite?
False
Suppose 3*r = -b + 10776, 6*r - 7*r + 5*b = -3608. Is r a composite number?
False
Is (12187/(-28))/(((-15)/(-20))/(-3)) prime?
True
Let s(z) = z + 13. Let i be s(-13). Let j be (10/(-6) - i)*-3. Suppose -j*f = -597 + 212. Is f prime?
False
Suppose -34*y + 11474 = -206160. Is y prime?
False
Let j(k) = 73*k**2 + 23*k - 163. Is j(11) 